 10*q - 1. Let i(h) = -6*a(h) + w(h). What is the units digit of i(y)?
9
Let f = 115 + -119. What is the tens digit of 2564*(3 + 10/f)?
8
Let h be (-9 + -1 + 2)/(2/6). Let u be ((-27)/(-6))/((-9)/h). Let q(j) = 3*j**2 - 29*j - 7. What is the units digit of q(u)?
7
Suppose 0 = 4*y + 968 + 284. Let o = 497 + y. What is the units digit of o?
4
Suppose 4*n = 8*k - 4*k - 30576, 2*k - 5*n = 15288. What is the hundreds digit of k?
6
Let d = 199 + -223. What is the units digit of 330/(-60)*d*4?
8
Suppose 0 = a + 3*q + 6, -5*q + 4 + 41 = -2*a. Let t be (8 - 6 - 4)*(1 - 15). Let z = t + a. What is the tens digit of z?
1
Suppose 3*s + 5*c = 13093, -593*s + 590*s - c + 13073 = 0. What is the hundreds digit of s?
3
Suppose -10*u = 8*u. Suppose 3*p - k = 3505, u = -4*p + 2*k - 3*k + 4678. What is the tens digit of p?
6
Suppose 59*a = 67*a - 8. What is the tens digit of ((-12)/24)/(a/(-1076))?
3
Let u(h) = 4*h + 57. Let y be u(25). Let a = y - -100. What is the tens digit of a?
5
Suppose 2*q + 3*h - 39244 = 0, 5*q - 4*h = h + 98160. What is the tens digit of q?
2
Suppose 0 = r + i + 2, 20 = 2*r - 5*i + i. Let l be ((-1)/(-3))/(r/18). Suppose -4*y + 301 = 2*b + b, 5*b + l*y - 509 = 0. What is the units digit of b?
3
Suppose -50 = -3*k + k. Suppose m + k - 205 = 0. Suppose -35 = -4*l + 3*l + g, 4*g = 5*l - m. What is the tens digit of l?
4
Suppose 4*u - 4*g = -7020, g + 8767 = -5*u - 2*g. Let b = -998 - u. Suppose i - b = -8*i. What is the units digit of i?
4
Let d(f) = 16*f**2 + 55*f + 33. Let y be d(-12). Suppose 5*s - 453 = y. What is the hundreds digit of s?
4
Suppose -9 = -6*d - 3. Suppose -3*r = -2*l - 11, 5*r + 3*l - 2*l = d. Suppose b = 5*y - 234, b + r = y - 45. What is the tens digit of y?
4
Let u = -6389 + 14549. What is the hundreds digit of u?
1
Let r = -34214 - -48327. What is the hundreds digit of r?
1
Let z = 131 - 129. Suppose 2*b + z*k - 25 = 81, b = -2*k + 48. What is the units digit of b?
8
Let c(l) = -1035*l + 169*l - 11 + 6. What is the units digit of c(-1)?
1
Suppose 3*k = -5*g + 111343, -3*g + 158622 = 5*k - 26971. What is the ten thousands digit of k?
3
Let a be (-10555)/(-6) - 26/156. Let n = a + -841. What is the units digit of n?
8
Let f = -602 + 1193. Suppose 0 = -4*o - 5*y + 5933, 3*y + 905 = o - f. What is the tens digit of o?
8
Suppose -15*s = -7*s - 16. Suppose -5*u - s + 1132 = l, u = 3*l - 3342. What is the tens digit of l?
1
Suppose -2*w - 504 = 10*w. What is the hundreds digit of 4 - (-10)/(-2 - 88/w)?
1
Let y = -1813 - -6778. What is the hundreds digit of y?
9
Let o = 50 + -9. Suppose 0 = -29*m + o*m - 1740. What is the hundreds digit of m?
1
Let v = -114 + 121. Suppose -1332 = 3*l - v*l. Suppose 5*x - 599 = 2*b, -5*x + l = -3*b - 263. What is the hundreds digit of x?
1
What is the hundreds digit of 60/(-70) + 5962/14?
4
Suppose 4*b = 2*w - b - 649, 0 = 4*w + 2*b - 1238. Let p = 1786 + -1784. Suppose w = 11*u + p*u. What is the units digit of u?
4
Suppose -2*y = -5*r - 163, -5*y + 376 = -2*r - 0*r. Suppose -3*w + 284 = -160. Suppose 4*l + y = p + p, 4*p - w = 2*l. What is the tens digit of p?
3
Suppose 2*n + 64*x = 60*x + 396, -2*x = 3*n - 574. What is the units digit of n?
8
Let f(g) = g + 44. Let c be f(-16). Suppose -19*v - c = -15*v. What is the tens digit of (-7 - (-11889)/63) + (-2)/v?
8
Suppose 3*k - 5*s = 1587, 0 = -4*k - s + 6*s + 2116. Let q = k + -124. What is the tens digit of q?
0
Let w = 5 - 1. Suppose -2*q = q - 4*q. Suppose 2*k = -w*s + 26, 4*s + q*s = -3*k + 45. What is the tens digit of k?
1
Let b(w) = -73*w + 5. Let s be b(4). Let a be s/(-5) - 3/(-5). Let i = 130 - a. What is the tens digit of i?
7
Let q(v) be the second derivative of 2*v**4 - 17*v**3/6 + 6*v**2 + 2*v - 36. What is the tens digit of q(-7)?
0
Let a(l) = 4 - 5*l - 2*l - l. Let o be 126/(-36) + 1/(-2). What is the tens digit of a(o)?
3
Suppose 4*z - 194 = -106. Suppose 0 = -z*x + 682 + 6886. What is the hundreds digit of x?
3
Suppose -5*a = -0*a + 5*p - 25, p = 3. Suppose -4*k + 420 = 4*q, a*k - k - 5*q = 99. Let y = 183 - k. What is the units digit of y?
9
Suppose -32 = z - 33, -m + 5*z = -13265. What is the units digit of m?
0
Suppose 82*y + 118*y - 1143200 = 0. What is the thousands digit of y?
5
Let v = 2467 + 3284. What is the units digit of v?
1
Let j(x) = x**2 - 30*x - 55. Let a be j(34). Suppose 23 = 3*d - o - a, -4*o - 171 = -5*d. What is the units digit of d?
5
Suppose 12*v + 1632 - 46852 = 4652. What is the tens digit of v?
5
Let u(d) be the second derivative of 9*d - 5/2*d**2 + 1/12*d**4 - 1/20*d**5 - 1/2*d**3 + 0. What is the units digit of u(-3)?
0
Let c = 3441 - -803. What is the thousands digit of c?
4
Let m(u) = u**3 - 15*u**2 + 7*u - 43. Let x(r) = -r**3 + 16*r**2 - 8*r + 41. Let a(i) = -6*m(i) - 7*x(i). What is the hundreds digit of a(22)?
2
Let u(t) = 3*t - 32. Suppose -24*f = -28*f + 48. Let m = 4 + f. What is the units digit of u(m)?
6
What is the units digit of ((-18)/12)/((-351)/(-36)) - (-633390)/26?
1
Suppose 5*j - 2 = 4*i, 0 = -23*i + 24*i - 2. Suppose 2 = 4*p - j*p. What is the units digit of p?
1
Suppose -3*u = 14*r - 10*r + 19, 0 = -r - 1. What is the hundreds digit of (20/u)/(-4) + 172?
1
Let q(k) = -7*k - 3 + 17 + k**2 + 11*k**2 + 15*k**2. What is the units digit of q(2)?
8
Suppose -6*b = 7*b - 3562. Suppose 5*n + b = 1494. What is the tens digit of n?
4
Suppose -1190 = 25*j - 32*j. Let p = 485 - j. What is the units digit of p?
5
Suppose -6*a + 4*a - 1570 = 0. Let c = -488 - a. What is the units digit of c?
7
Let g(j) = -41*j - 82. Let m be g(5). Let s = 818 + m. What is the tens digit of s?
3
Suppose x + n - 2559 = 0, -3*n = 4*x - 5303 - 4932. Suppose 6*v = -380 + x. What is the tens digit of v?
6
Let q = -136 + 712. Let m = 888 - q. What is the tens digit of m?
1
Let q = -33 + 86. Let a = q + -49. Suppose a*y = 365 + 103. What is the hundreds digit of y?
1
Suppose 9 = -3*k, -5708 = -3*b + 2*k + 28654. What is the units digit of b?
2
Suppose 0 = -u + 2*j + 622, u - 628 = -0*u - j. Suppose -p + u = 4*z, -p + 0*z - 5*z = -626. What is the hundreds digit of p?
6
Suppose -118 = 3*f - 367. Let t be 3/(12/10*(-20)/(-32)). Suppose t*l - f = -g, -2*g = l - 4*g - 23. What is the tens digit of l?
2
Let n(t) = -t + 1. Let k(f) = 30*f - 7. Let u(o) = k(o) + 3*n(o). Let b(s) = -136*s + 19. Let l(x) = 4*b(x) + 22*u(x). What is the units digit of l(3)?
8
Let v(a) = -a**3 + 12*a**2 + 2*a - 24. Let t be v(12). Let y = t + -6. Let s(h) = -11*h + 12. What is the tens digit of s(y)?
7
Suppose 2*m + 5*g - 1 = 2*g, -g = m + 2. What is the tens digit of (3/(-4))/(m/1148)?
2
Let q = -1 + 6. Suppose -p + q*b + 18 = 0, 2*b - b = -4. What is the hundreds digit of (9 + -1)/p - -110?
1
Let h be (10953/36)/((-3)/(-12)). Let l = h + -357. What is the units digit of l?
0
Let t(z) = z**2 + 9*z - 17. Let s be t(-11). Suppose 3*g - 728 = s*d, -g - 4*d + 3*d + 232 = 0. What is the tens digit of g?
3
Let k be 2*(-100)/24 - 4/(-3). Let q be -4*k/(-14) - (-6 + 0). Suppose q*l + 84 = 2*d, 3*d = 7*l - 5*l + 110. What is the units digit of d?
4
Let l = -24887 - -37054. What is the tens digit of l?
6
Let a = 9 - -2. Suppose a*y = 14*y - 711. What is the hundreds digit of y?
2
Let z = -19 - -23. Suppose -16 = -4*x - 3*p - p, -z*x - 2*p = -18. What is the units digit of x*(-1)/(-10)*12?
6
Suppose -2*o = 4*k - 26, 0*o = -k - 4*o + 24. Suppose p + 164 = -4*z, -5*z + p - 205 = k*p. Let w = z + 63. What is the tens digit of w?
2
Let z(i) = -15*i - 8. Let r(u) = 30*u + 16. Let j(p) = -2*p - 26. Let y be j(-16). Let h(b) = y*r(b) + 13*z(b). What is the tens digit of h(-7)?
9
Let v = 489 - 316. Suppose v = 2*m - 559. What is the tens digit of m?
6
What is the units digit of 2/(-12)*-5 - 2316683/(-318)?
6
What is the ten thousands digit of ((-9)/(-4)*(-104752)/(-12))/((-6)/(-4))?
1
Suppose y = 2*z - 9, -4*y = z - 2 + 11. Suppose -z*b + 9 = -0*b. Suppose b*r - 89 = 3*x + 55, 3*r = -2*x + 139. What is the units digit of r?
7
Let c(i) = -5*i**3 - 2*i**2 - 2*i + 1. Let k be c(2). Suppose 5*j + 5*s = 6*s - 661, 0 = 3*j + 4*s + 392. Let x = k - j. What is the units digit of x?
1
Suppose 3*j - j = -4, 204 = b - 3*j. Let r = b + -138. What is the tens digit of (5/r*6)/((-1)/(-202))?
0
Let v = -23404 - -35442. What is the units digit of v?
8
Let x = 10354 + 1370